
-32
118 (base 14) to base 8
332
Convert 3 (base 4) to base 9.
3
Convert 8b (base 12) to base 6.
255
Convert 10110101 (base 2) to base 15.
c1
Convert 5 (base 9) to base 7.
5
What is -1 (base 10) in base 14?
-1
60 (base 7) to base 14
30
What is -218 (base 9) in base 8?
-263
-22 (base 13) to base 6
-44
Convert -8 (base 16) to base 7.
-11
Convert -4 (base 14) to base 2.
-100
What is 3 (base 9) in base 2?
11
2 (base 7) to base 13
2
Convert 23 (base 5) to base 11.
12
2 (base 15) to base 9
2
Convert -42 (base 12) to base 3.
-1212
Convert 3 (base 8) to base 16.
3
What is 47 (base 8) in base 6?
103
1000 (base 3) to base 6
43
2 (base 14) to base 4
2
What is 100 (base 2) in base 14?
4
What is 3 (base 11) in base 16?
3
What is -101 (base 2) in base 6?
-5
Convert 13 (base 14) to base 9.
18
-6 (base 14) to base 16
-6
1020 (base 5) to base 3
12000
-2 (base 9) to base 5
-2
What is -11 (base 2) in base 4?
-3
Convert -3 (base 7) to base 16.
-3
Convert 70 (base 11) to base 4.
1031
Convert -15 (base 11) to base 5.
-31
What is -28 (base 14) in base 10?
-36
What is -22 (base 4) in base 15?
-a
What is 1100 (base 7) in base 3?
112112
Convert -10110 (base 2) to base 9.
-24
1011010 (base 2) to base 12
76
Convert -1030 (base 4) to base 8.
-114
What is -3 (base 8) in base 7?
-3
Convert -544 (base 6) to base 3.
-21201
Convert 5 (base 15) to base 2.
101
-11 (base 5) to base 6
-10
-21 (base 6) to base 7
-16
Convert 1001 (base 2) to base 3.
100
What is -4 (base 15) in base 8?
-4
Convert 2033 (base 5) to base 8.
414
What is -b (base 12) in base 15?
-b
Convert 36 (base 10) to base 11.
33
What is -4 (base 8) in base 13?
-4
Convert 1000 (base 2) to base 8.
10
-331 (base 4) to base 6
-141
-34 (base 6) to base 12
-1a
What is -ae (base 16) in base 12?
-126
What is 34 (base 9) in base 5?
111
Convert 0 (base 8) to base 15.
0
0 (base 15) to base 12
0
What is 5a (base 16) in base 9?
110
What is 11 (base 6) in base 9?
7
Convert 1 (base 3) to base 6.
1
Convert -20 (base 3) to base 14.
-6
Convert -39 (base 10) to base 15.
-29
6 (base 8) to base 9
6
Convert 11 (base 13) to base 10.
14
Convert -113 (base 4) to base 7.
-32
What is 2 (base 6) in base 7?
2
What is -36 (base 10) in base 4?
-210
What is 10 (base 13) in base 4?
31
1 (base 6) to base 12
1
Convert -10 (base 12) to base 16.
-c
What is -5 (base 16) in base 15?
-5
What is 26 (base 13) in base 14?
24
20 (base 6) to base 2
1100
-49 (base 10) to base 11
-45
Convert -15 (base 11) to base 8.
-20
What is 1 (base 14) in base 15?
1
-b (base 12) to base 4
-23
Convert -2a (base 11) to base 9.
-35
What is 11 (base 5) in base 10?
6
Convert 110 (base 8) to base 2.
1001000
Convert 12 (base 11) to base 10.
13
-2 (base 9) to base 8
-2
What is 10 (base 3) in base 5?
3
3 (base 16) to base 13
3
3 (base 9) to base 8
3
Convert 8 (base 10) to base 12.
8
What is -2101 (base 4) in base 2?
-10010001
cb (base 16) to base 13
128
-4 (base 6) to base 4
-10
Convert -116 (base 11) to base 3.
-12010
-3 (base 4) to base 2
-11
Convert -2 (base 16) to base 6.
-2
20 (base 7) to base 2
1110
2 (base 11) to base 10
2
Convert -2 (base 9) to base 14.
-2
3d (base 14) to base 11
50
What is -1c (base 15) in base 8?
-33
Convert -151 (base 14) to base 6.
-1123
What is -11113 (base 4) in base 12?
-247
22 (base 12) to base 7
35
-2 (base 15) to base 9
-2
What is -2 (base 14) in base 7?
-2
Convert -228 (base 11) to base 3.
-101002
What is 1 (base 2) in base 6?
1
Convert -1d (base 16) to base 8.
-35
-5 (base 14) to base 2
-101
Convert 142 (base 5) to base 2.
101111
-9 (base 11) to base 4
-21
What is 131 (base 6) in base 5?
210
What is -11333 (base 4) in base 8?
-577
What is 46 (base 13) in base 5?
213
What is 2 (base 15) in base 8?
2
-22210 (base 3) to base 7
-456
-101 (base 11) to base 12
-a2
What is 30 (base 6) in base 10?
18
What is 9 (base 16) in base 8?
11
94 (base 14) to base 3
11211
Convert -9 (base 14) to base 4.
-21
What is 1 (base 8) in base 9?
1
What is 69 (base 14) in base 9?
113
-2c (base 13) to base 16
-26
Convert 27a (base 11) to base 2.
101001001
What is -17 (base 15) in base 13?
-19
Convert -30 (base 16) to base 6.
-120
Convert -18 (base 9) to base 12.
-15
What is -10000 (base 2) in base 6?
-24
Convert 3 (base 6) to base 10.
3
8 (base 10) to base 3
22
What is -1011 (base 2) in base 3?
-102
What is -1100 (base 2) in base 3?
-110
53 (base 9) to base 4
300
31 (base 6) to base 3
201
Convert 2 (base 7) to base 5.
2
Convert 3 (base 16) to base 8.
3
Convert -a2 (base 12) to base 6.
-322
Convert -11 (base 7) to base 16.
-8
Convert 11 (base 3) to base 2.
100
Convert 30 (base 8) to base 10.
24
What is 0 (base 4) in base 5?
0
-16 (base 7) to base 3
-111
Convert -1133 (base 4) to base 12.
-7b
-22 (base 6) to base 10
-14
Convert -1 (base 8) to base 7.
-1
What is -4 (base 7) in base 6?
-4
Convert -9 (base 11) to base 10.
-9
41 (base 8) to base 9
36
What is -169 (base 10) in base 11?
-144
What is -29 (base 11) in base 16?
-1f
What is -1 (base 7) in base 8?
-1
What is -4 (base 15) in base 4?
-10
8 (base 10) to base 15
8
Convert 26 (base 15) to base 5.
121
-20 (base 7) to base 8
-16
What is -a9 (base 16) in base 14?
-c1
What is 0 (base 11) in base 13?
0
What is -20 (base 7) in base 12?
-12
Convert 101000011 (base 2) to base 15.
168
What is 3 (base 5) in base 14?
3
What is -24 (base 6) in base 10?
-16
What is 3c (base 14) in base 13?
42
What is -11 (base 2) in base 16?
-3
What is 3 (base 7) in base 12?
3
What is -203 (base 5) in base 14?
-3b
What is -12 (base 4) in base 9?
-6
What is -5 (base 11) in base 10?
-5
Convert 67 (base 10) to base 11.
61
1 (base 16) to base 11
1
Convert 2 (base 14) to base 3.
2
What is 11 (base 2) in base 14?
3
12 (base 12) to base 16
e
What is 3f (base 16) in base 8?
77
What is -405 (base 10) in base 2?
-110010101
-5 (base 15) to base 9
-5
1 (base 16) to base 15
1
Convert 1 (base 4) to base 8.
1
-105 (base 7) to base 4
-312
Convert 13 (base 5) to base 9.
8
326 (base 8) to base 13
136
What is -19 (base 15) in base 2?
-11000
Convert -1 (base 2) to base 4.
-1
What is -10 (base 4) in base 15?
-4
3 (base 15) to base 4
3
What is -332 (base 4) in base 7?
-116
-39 (base 12) to base 2
-101101
What is -19 (base 14) in base 7?
-32
What is -11 (base 15) in base 5?
-31
What is -56 (base 11) in base 10?
-61
What is 10 (base 3) in base 11?
3
What is 17 (base 8) in base 6?
23
-1101 (base 2) to base 6
-21
12c (base 16) to base 10
300
0 (base 5) to base 4
0
What is -12 (base 3) in base 2?
-101
What is 63 (base 13) in base 10?
81
Convert 421 (base 6) to base 15.
a7
Convert -25 (base 8) to base 14.
-17
Convert 36 (base 9) to base 7.
45
Convert 273 (base 9) to base 6.
1020
What is -15 (base 15) in base 9?
-22
Convert 1010 (base 2) to base 15.
a
Convert -11 (base 4) to base 11.
-5
Convert -1d (base 14) to base 13.
-21
What is 211 (base 3) in base 14?
18
48 (base 11) to base 12
44
Convert -10 (base 2) to base 13.
-2
What is -10 (base 13) in base 7?
-16
-5 (base 13) to base 3
-12
Convert -40 (base 14) to base 6.
-132
What is 121 (base 6) in base 16?
31
2 (base 7) to base 16
2
What is -1a (base 11) in base 5?
-41
Convert 199 (base 10) to base 11.
171
Convert 39 (base 12) to base 8.
55
Convert 1 (base 15) to base 8.
1
Convert -132 (base 9) to base 15.
-75
-103 (base 11) to base 6
-324
42 (base 15) to base 13
4a
Convert 1 (base 2) to base 10.
1
Convert -4 (base 15) to base 11.
-4
Convert 101110 (base 2) to base 8.
56
Convert 3 (base 13) to base 14.
3
Convert -10 (base 8) to base 12.
-8
Convert 3 (base 7) to base 5.
3
52 (base 8) to base 7
60
Convert -11100 (base 2) to base 9.
-31
Convert -a (base 16) to base 8.
-12
11 (base 3) to base 8
4
What is a (base 13) in base 3?
101
-b (base 12) to base 15
-b
What is -26 (base 12) in base 6?
-50
What is -2 (base 8) in base 6?
-2
What is 0 (base 10) in base 4?
0
6 (base 10) to base 3
20
Convert 0 (base 8) to base 5.
0
Convert -61 (base 8) to base 15.
-34
What is -1100 (base 2) in base 7?
-15
Convert -11221 (base 3) to base 16.
-85
11 (base 8) to base 13
9
203 (base 4) to base 16
23
What is 2 (base 16) in base 12?
2
-180 (base 9) to base 8
-231
1010 (base 3) to base 11
28
Convert 1 (base 6) to base 8.
1
101 (base 2) to base 7
5
Convert -1 (base 6) to base 11.
-1
Convert 3 (base 8) to base 13.
3
Convert -1c (base 13) to base 10.
-25
Convert -